 -m**3 - 13*m**2 - 9*m + 9. Give c(-11).
-134
Let k(r) = -r**2 + r - 9. Determine k(0).
-9
Let h(t) = -t**2 - 7*t + 12. Determine h(-8).
4
Let r(b) = 45*b - 1. What is r(-1)?
-46
Let s(q) = -4*q**3 - 2*q**2 - 2*q - 1. Calculate s(-1).
3
Let a(z) = -20*z + 21. What is a(5)?
-79
Let d(z) = -6*z**2 - z - 5. Calculate d(-3).
-56
Let k(n) = -20*n**3 - n**2 - 2*n - 1. What is k(-1)?
20
Let o(f) = -59*f - 25. What is o(-1)?
34
Let v(i) = -5*i - 3. Determine v(4).
-23
Let v(h) = -h**3 - 6*h**2 + 5*h + 24. What is v(-6)?
-6
Let c(k) = -2*k**2 + 5*k - 4. Calculate c(4).
-16
Let g(y) = y**2 - 16*y + 13. Determine g(6).
-47
Let q(x) = 8*x + 1. Give q(1).
9
Let d(l) = 5*l + 113. Calculate d(-22).
3
Let x(p) = p**3 - 48*p**2 + 49*p - 100. What is x(47)?
-6
Let u(v) = -14*v - 58. Calculate u(-4).
-2
Let k(r) = 10*r + 10. Give k(-1).
0
Let g(p) = -p**2 - 6*p - 5. Calculate g(-4).
3
Let t(p) = p**3 + 17*p**2 - p + 4. Determine t(-17).
21
Let m(i) = 3*i**3 + i**2 + 3*i + 6. Determine m(-3).
-75
Let y(s) = -s**3 + 11*s**2 - 12*s + 21. Calculate y(10).
1
Let w(g) = -g**2 + 4*g - 4. What is w(3)?
-1
Let m(y) = -y**3 + 6*y**2 - 6*y + 3. Give m(5).
-2
Let r(w) = 12*w - 13. Calculate r(5).
47
Let z(y) = y**3 + 7*y**2 + y - 9. Give z(-7).
-16
Let d(v) = -v - 1. Calculate d(-3).
2
Let v(r) = r**3 - 5*r**2 + 7*r - 3. Calculate v(2).
-1
Let s(v) = v**2 + 6*v - 34. What is s(-10)?
6
Let q(o) = o + 8. Calculate q(-14).
-6
Let f(c) = c**3 - 6*c**2 - 11*c + 16. Give f(7).
-12
Let t(w) = w**3 - 20*w**2 - 20*w - 26. What is t(21)?
-5
Let q(v) = -v**3 - 3*v**2 + 3*v + 3. What is q(-3)?
-6
Let m(g) = -g**3 - 6*g**2 + 7. Calculate m(-6).
7
Let d(m) = m + 1. Give d(-9).
-8
Let j(v) = v**2 + 12*v - 17. Determine j(-13).
-4
Let b(w) = 3*w**3 - 3*w**2 - 3*w - 1. Calculate b(3).
44
Let z(g) = 76*g + 233. Determine z(-3).
5
Let k(n) = -5*n**3 - 124*n**2 + 25*n - 5. Calculate k(-25).
-5
Let q(b) = -b**3 - 4*b**2 - 4*b + 5. Give q(-5).
50
Let c(o) = o**3 + 13*o**2 - 12*o + 21. Determine c(-14).
-7
Let y(t) = -t**3 - 8*t**2 + 3*t + 12. Give y(-8).
-12
Let j(h) = -h**2 + 7*h - 3. Determine j(8).
-11
Let p(j) = j**2 + 7*j - 37. Give p(-9).
-19
Let i(k) = -3*k + 8. Give i(-8).
32
Let u(b) = -b**3 + b**2 + 11*b + 27. Give u(-2).
17
Let a(b) = b**2 - 14*b + 12. Give a(13).
-1
Let g(o) = o - 5. Determine g(4).
-1
Let g(h) = -h**2 - h + 58. What is g(0)?
58
Let x(p) = 2*p + 5. Give x(3).
11
Let r(i) = -i**2 - 2. Determine r(-2).
-6
Let z(j) = -6*j**2 + 14*j + 9. Give z(3).
-3
Let n(o) = o**3 + 5*o**2 + 2*o + 11. Calculate n(0).
11
Let y(o) = 3*o + 51. Calculate y(-15).
6
Let a(c) = -c**2 + 29*c + 7. Determine a(29).
7
Let x(d) = 2*d - 43. Calculate x(15).
-13
Let k(a) = -8*a**2 - 5*a - 2. Calculate k(4).
-150
Let k(m) = m**3 + 13*m**2 + 12*m - 5. Calculate k(-12).
-5
Let o(y) = -y**2 + 5*y + 2. Calculate o(8).
-22
Let u(i) = 2*i**2 - 7*i + 3. Calculate u(4).
7
Let m(w) = -w**3 + 3*w**2 - w - 3. Calculate m(2).
-1
Let x(y) = -48*y - 98. Determine x(-2).
-2
Let x(y) = y**3 - 32*y**2 + 56*y + 91. Determine x(30).
-29
Let c(p) = -12*p - 169. Determine c(-15).
11
Let y(c) = -c**2 + 108*c - 1834. Determine y(21).
-7
Let a(o) = -o**3 - o**2 - 3*o - 13. Calculate a(0).
-13
Let r(g) = -17*g**2. What is r(-2)?
-68
Let y(m) = -m**3 + m**2 + m + 6. Determine y(0).
6
Let u(y) = 2*y**2 - 89*y + 135. What is u(43)?
6
Let a(o) = -3*o - 7. Give a(13).
-46
Let t(l) = -l**3 + 3*l**2 + 10*l - 4. Calculate t(5).
-4
Let j(x) = -x**2 + 4*x + 4. What is j(-4)?
-28
Let b(l) = 2*l**2 - 6*l - 3. Give b(3).
-3
Let i(y) = 2*y**2 + 26*y + 22. What is i(-11)?
-22
Let f(a) = a**3 - 6*a**2 - 9*a + 5. Give f(7).
-9
Let x(g) = -2*g - 10. Determine x(7).
-24
Let p(z) = 55*z**2 - z + 2. Calculate p(1).
56
Let c(n) = -n**2 - 4*n + 87. Determine c(-12).
-9
Let f(z) = 92*z**3 - z**2 - 5*z - 3. Calculate f(-1).
-91
Let j(r) = -3*r + 7. What is j(1)?
4
Let r(u) = -u**2 - 2*u - 4. Calculate r(0).
-4
Let c(n) = n**3 + 7*n**2 - 2*n - 3. What is c(-7)?
11
Let j(r) = -r**3 - 11*r**2 + 14*r + 12. Determine j(-12).
-12
Let m(o) = 12*o + 8. Give m(4).
56
Let g(n) = n**2 + 3*n + 11. What is g(-7)?
39
Let f(x) = -2*x**3 - 19*x**2 - 6*x + 25. Determine f(-9).
-2
Let a(c) = -c + 9. Give a(8).
1
Let h(y) = y**2 - 20*y - 22. What is h(21)?
-1
Let d(o) = o**3 - 8*o**2 + 8*o + 3. Calculate d(7).
10
Let n(v) = -14*v**2 + 2*v - 1. What is n(1)?
-13
Let r(n) = n**2 - n - 9. Give r(3).
-3
Let i(x) = -x**2 + 26*x + 2. Calculate i(26).
2
Let v(h) = 4*h - 15. What is v(5)?
5
Let m(u) = -u**2 - 2*u - 9. Calculate m(-6).
-33
Let b(k) = k**3 - 13*k**2 + 15*k - 7. Give b(12).
29
Let s(t) = t**3 - t**2 + 13. Calculate s(0).
13
Let k(t) = -39*t**3 - 4*t + 3. Give k(1).
-40
Let f(k) = -k**3 + 3*k**2 + 3*k + 2. What is f(3)?
11
Let p(o) = o + 15. Determine p(-10).
5
Let h(n) = n**2 - 4*n - 5. Give h(0).
-5
Let w(l) = -l**3 - 8*l**2 - 15*l - 21. Determine w(-6).
-3
Let a(b) = 80*b**2 - 2*b - 5. Give a(0).
-5
Let l(s) = s**2 + 27*s + 72. What is l(-3)?
0
Let z(d) = 7*d**2 - 29*d - 25. Give z(5).
5
Let i(p) = 15*p - 4. Determine i(4).
56
Let v(j) = -14*j + 14. Determine v(-7).
112
Let n(b) = -22*b + 342. Calculate n(16).
-10
Let q(n) = -n**3 - 8*n**2 + 9*n + 4. Calculate q(-8).
-68
Let h(x) = -x**3 - 15*x**2 + 13*x - 41. Give h(-16).
7
Let z(i) = -5*i - 111. Give z(-22).
-1
Let h(n) = n**2 + 14*n - 3. Calculate h(-5).
-48
Let l(b) = b**3 - 21*b**2 - 44*b - 56. Give l(23).
-10
Let l(b) = 3*b**3. Determine l(-2).
-24
Let z(r) = r + 2. What is z(-4)?
-2
Let f(m) = 41*m**2 - 2*m - 3. Calculate f(-1).
40
Let v(d) = 2*d + 12. Calculate v(21).
54
Let l(q) = 8*q - 19. Determine l(4).
13
Let k(q) = -q**2 - 9*q + 1. Give k(-10).
-9
Let l(u) = -8*u**2 + 3*u. Determine l(3).
-63
Let q(y) = y**3 + 5*y**2 + 3*y + 4. Give q(-5).
-11
Let x(f) = -2*f**2 + 10*f + 1. Determine x(7).
-27
Let a(k) = k**3 + 5*k**2 - 5*k - 2. Calculate a(-6).
-8
Let a(w) = w**2 + 20*w + 86. Calculate a(-14).
2
Let z(s) = s**2 + 6*s - 8. What is z(-7)?
-1
Let q(l) = l**3 - 5*l**2 - 28*l + 15. Give q(8).
-17
Let t(c) = -c + 1. Give t(-1).
2
Let s(v) = -v**2 + 4*v - 88. What is s(0)?
-88
Let c(f) = 2*f**2 - 11*f + 7. Give c(4).
-5
Let a(h) = h**3 + 11*h**2 + 11*h - 6. Calculate a(-10).
-16
Let g(u) = u**3 + 8*u**2 - 48*u + 5. Determine g(4).
5
Let b(v) = -v**2 - 2*v - 5. What is b(0)?
-5
Let m(u) = -6*u - 27. Calculate m(-2).
-15
Let f(r) = r**2 + 11*r. Calculate f(-9).
-18
Let i(p) = 7*p - 16. Give i(5).
19
Let s(o) = -29*o + 194. Give s(7).
-9
Let l(i) = i**2 + 26*i - 10. Determine l(-26).
-10
Let i(p) = -5*p + 1. What is i(-4)?
21
Let t(g) = -2*g**2 - 5*g - 2. Give t(-3).
-5
Let m(d) = -10*d**2 - 4*d + 4. What is m(1)?
-10
Let d(l) = l + 5. What is d(5)?
10
Let k(i) = i**3 - 6*i**2 + 12*i - 9. Calculate k(4).
7
Let d(l) = -l**2 + 22*l - 12. Determine d(21).
9
Let v(y) = -y**3 - 3*y**2 + 18*y + 2. What is v(-6)?
2
Let k(m) = 2*m**3 - 28*m**2 - m - 6. Calculate k(14).
-20
Let u(n) = -n**3 - 19*n**2 + 20*n + 1. What is u(-20)?
1
Let v(x) = -x**3 + 6*x**2 + 6*x - 6. What is v(7)?
-13
Let m(x) = -x**3 + 12*x**2 + x + 3. Calculate m(12).
15
Let n(g) = 6*g**2 + 2*g - 2. What is n(-2)?
18
Let u(n) = -21*n - 69. Determine u(-3).
-6
Let j(t) = -2*t**2 + 28*t + 69. Calculate j(16).
5
Let b(t) = 12*t - 138. Calculate b(12).
6
Let g(s) = 5*s + 64. Determine g(-16).
-16
Let y(t) = -5*t + 16. Calculate y(-6).
46
Let p(k) = -4*k - 9. Determine p(-4).
7
Let q(j) = -6*j + 2. Calculate q(-1).
8
Let x(k) = k**2 - 17*k + 26. Give x(15).
-4
Let x(y) = y**3 - 7*y**2 + 8*y - 3. Determine x(6).
9
Let m(g) = -4*g**2 - 29*g + 1. Calculate m(-7).
8
Let b(h) = -h**3 - 5*h**2 + 7*h + 3. Determine b(-6).
-3
Let l(n) = 2*n**2 + 32*n - 12. Calculate l(-14).
-68
Let q(g) = g + 23. Calculate q(-14).
9
Let m(a) = -2*a**2 + 4*a + 11. Give m(5).
-19
Let i(v) = -3*v**2 + 5*v. What is i(3)?
-12
Let o(w) = 2*w**3 - 13*w**2 - 6*w + 5. Determine o(7).
12
Let s(t) = t**3 + 15*t**2 - 10*t + 28. What is s(-16)?
-68
Let d(v) = v**3 - 13*v**2 + 2*v - 6. Calculate d(13).
20
Let n(w) = -9*w - 4. What is n(-6)?
50
Let a(y) = -y**3 - 8*y**2 - 9*y + 15. What is a(-6)?
-3
Let g(j) = j**3 + 29*j**2 - 169*j + 39. Give g(-34).
5
Let x(t) = -t + 22. Give x(9).
13
Let x(r) = -r**3 - 6*r**2 - 7*r + 4. Determine x(-6).
46
Let t(q) = q**2 - 14*q - 39. Give t(16).
-